at are the prime factors of 9/(18/l) - 0?
2, 5
Suppose 0*v + 4*m - 36 = -2*v, 3*v - 43 = 5*m. Let c(k) = -v*k**3 + 1 + k**2 + 4*k**3 - k + 4*k. List the prime factors of c(-1).
11
Let h(j) be the third derivative of j**6/120 + 19*j**5/60 - j**4/6 + 35*j**3/6 + 53*j**2. What are the prime factors of h(-19)?
3, 37
Let d(y) = -y**2 - 12*y - 8. Let c be d(-11). Suppose 43 = -c*f - 38. What are the prime factors of 21/((f/12)/(-3))?
2, 7
Suppose 0*s + y + 7 = s, 2*s = -5*y - 21. Let j be (-5)/((-5)/3) - s. What are the prime factors of j/(-2) + (-196)/(-8)?
2, 3
Let v = -4 - -8. Suppose 0 = v*i - 0*i - 264. List the prime factors of i.
2, 3, 11
Suppose -3*j = -10*j. Suppose -2*t + 0 - 12 = 0. List the prime factors of j + 3 + t + 23.
2, 5
Let n be 3 + -17 + -3 - -1. Let d = -12 - n. Suppose -d*u - 42 = -6*u. List the prime factors of u.
3, 7
Let c(j) = 3*j**3 - 2*j**2 - 2*j + 3. Let h be c(1). Let b(i) = 6*i**2 + 2. What are the prime factors of b(h)?
2, 13
Let l be (-3)/((-36)/33 + 1). Suppose 0 = -3*p + l + 102. Suppose 2*t + p = 5*t. What are the prime factors of t?
3, 5
Suppose -52*n = 30*n - 3608. List the prime factors of n.
2, 11
Let p(i) = -62*i - 9. Let w(l) = 61*l + 9. Let f(z) = 5*p(z) + 6*w(z). What are the prime factors of f(4)?
233
Let z = 23 + -5. Suppose -3*f = 21 + z. Let n(w) = -w**3 - 12*w**2 + 12*w + 14. What are the prime factors of n(f)?
3
Suppose 2*b = -4*w + 18, -b + 9 = -2*w + 4*b. Let m be (3 - 1 - w)*-3. Suppose h - a + 49 = 6*h, h - m*a + 3 = 0. List the prime factors of h.
3
Suppose -2*b = 5*b. Suppose b = -4*i + 4*l + 1100, -3*l + 4*l + 1355 = 5*i. Suppose 0 = -6*q + 11*q - i. List the prime factors of q.
2, 3
Let r(g) = -8*g**3 + 3*g**2 - 4*g - 6. List the prime factors of r(-3).
3, 83
Let d(x) = -19 + 63 + x**2 + 58. List the prime factors of d(0).
2, 3, 17
Let t(a) = 24*a + 5. Suppose s = -5*h - 16, -3*s + 2*s + 3*h = -16. Let o be t(s). Suppose 5*q = 174 + o. What are the prime factors of q?
5, 11
Let p = -16 - -20. Suppose p*c = -19 + 3. Let f(o) = 2*o**2 + 4*o - 4. List the prime factors of f(c).
2, 3
Suppose 0 = t - 4*v - 25, t + 4 + 3 = -4*v. Suppose 0 = t*j - 7*j - 40. List the prime factors of j.
2, 5
Let n be 2/3 - 2/(-6). List the prime factors of (-3 - -11) + n + 2.
11
Let b be 36/9 - (1 + 1). List the prime factors of ((-236)/8)/(b/(-4)).
59
Let i(q) = -69*q**2 + 6*q - 3. Let x be i(2). Let t = x - -426. List the prime factors of t.
3, 53
Let x = -182 - -560. What are the prime factors of x?
2, 3, 7
Let a = -394 + 1081. What are the prime factors of a?
3, 229
Let p = 3 - 6. Let b(y) be the second derivative of y**4/4 + y**3/3 - y**2/2 + 17*y. What are the prime factors of b(p)?
2, 5
Let s = 94 - 89. Suppose 0 = -c - 2*g + 46, 7*c - 155 = 2*c + s*g. List the prime factors of c.
2, 3
Suppose -4*u + 4*o + 7892 = 0, -18*o + 17*o - 9873 = -5*u. List the prime factors of u.
5, 79
Suppose -o - 30 = -58. List the prime factors of o.
2, 7
Let l(o) = 7*o + 5. Let m be l(10). Suppose m + 60 = -3*k. Let i = k - -66. What are the prime factors of i?
3, 7
Suppose 17*b + 105 = 12*b. Let d = -13 - b. Let g = 53 - d. What are the prime factors of g?
3, 5
Let b = -1455 + 2167. What are the prime factors of b?
2, 89
Let n = 956 - 322. List the prime factors of n.
2, 317
Let a be (-1)/5 + (-19)/5. What are the prime factors of (15 + a + 4)*2?
2, 3, 5
Let m be -3 - (-116 - (-1 - -2)). Suppose 7*y - 5*y - m = 0. List the prime factors of y.
3, 19
Let o(z) = 1074*z**3 - 2*z**2 + 19*z - 18. List the prime factors of o(1).
29, 37
Suppose 1 = -2*q + 5. Suppose -z + 84 = 5*x - 3, -3*z = q*x - 248. What are the prime factors of z?
2, 41
Let w(k) = 71*k - 626. What are the prime factors of w(44)?
2, 1249
Let b(v) = -v. Let l(r) = -r. Let m(f) = -5*b(f) + 4*l(f). Let q be m(2). Suppose -q*n + 3*n - 2 = 0. List the prime factors of n.
2
Let k(w) = -5*w**2 + 12*w + 6. Let x(j) = -10*j**2 + 23*j + 11. Let r(d) = 5*k(d) - 3*x(d). What are the prime factors of r(4)?
41
Let n(x) be the second derivative of -5*x**3/3 - x**2/2 - 4*x. What are the prime factors of n(-1)?
3
Let r = 1964 + 440. List the prime factors of r.
2, 601
Suppose -m + 5*w = -5*m + 626, -5*m + 762 = -4*w. Suppose 0 = c - 3*n - m, -3*n = n - 12. List the prime factors of c.
163
List the prime factors of 3659*2/14 - 46/(-161).
523
Let r(v) = -36*v**3 - 4*v - 3. Let a be r(-2). Suppose 3*t - a = 616. Suppose -3*q - 96 = -t. What are the prime factors of q?
3, 23
Let a(v) be the third derivative of v**5/60 + 23*v**3/6 - v**2. Let m = 174 + -174. What are the prime factors of a(m)?
23
Let r be (-5)/(-2)*(-54)/15. Let z = r + 64. List the prime factors of z.
5, 11
What are the prime factors of (-3)/((-27)/15993)*1?
1777
Suppose -3*q = -8*q + 5. Let h be q/2*6/1. Suppose -h = r - 29. What are the prime factors of r?
2, 13
Let r = -4 + 23. Let p = -19 + r. Suppose 4*k - 60 = -4*l, p*k + 4 = -2*k. List the prime factors of l.
17
Suppose 3*x + 15 = -2*s + 7*s, 19 = -s + 5*x. What are the prime factors of 62*(1/s)/((-9)/(-189))?
7, 31
Suppose 20*c + 156 = 21*c - v, -4*v - 473 = -3*c. What are the prime factors of c?
151
Let r(w) = -26*w**3 - 4*w**2 - 5*w - 4. Let a be r(-2). Suppose -a + 15 = -d. List the prime factors of d.
3, 61
Let o = -27 - -26. Let y(b) = b + 3*b**2 - 8*b**3 - 25*b**3 - 2*b**2. List the prime factors of y(o).
3, 11
Suppose -60 + 294 = 6*n. Suppose 31 + n = q. List the prime factors of q.
2, 5, 7
Let r(j) be the second derivative of -j**4/6 - 3*j**3/2 + 7*j**2/2 + 25*j. List the prime factors of r(-5).
2
Suppose -j = -4*j + 30. Let x be 4/j - (-119)/(-35). List the prime factors of (x/6)/(2/(-24)).
2, 3
Let k = -81 + 169. Suppose -6*o = -218 - k. What are the prime factors of o?
3, 17
What are the prime factors of 0 + (-2)/(-3) - (-1047800)/195?
2, 2687
Suppose 87 + 51 = 2*u. Suppose -2*y = 4*k - 45 + 3, 4*y - 5*k = 136. Let o = u - y. What are the prime factors of o?
2, 5
Suppose 3*g + 3*g + 114 = 0. Let u = g + 24. What are the prime factors of u?
5
Let c(z) = z**2 + 6*z - 303. List the prime factors of c(22).
313
Let v(h) = -16*h + 2. Suppose 0 = -3*y + 3*g, y + g + 2 = -0. Let b be v(y). List the prime factors of 238/18 - 4/b.
13
Let i(o) = -o - 5. Let p(s) = -s**2 - 6*s + 8. Let l be (2 - (2 + 1)) + -7. Let y be p(l). List the prime factors of i(y).
3
Suppose 0 = -5*r - c, -c = r + 4*c. Suppose -5*i + 291 = -z - 277, r = -i + 3*z + 122. What are the prime factors of i?
113
Let h(y) = y**3 + 23*y**2 + 17*y + 80. What are the prime factors of h(-19)?
1201
Suppose 0 = 4*l - 4*w - 1520, -4*w = -l - 0*l + 392. List the prime factors of l.
2, 47
Let o(u) = 8*u**2 - 45*u - 256. What are the prime factors of o(-23)?
5011
What are the prime factors of (-33)/(-44)*(-3464)/(-6)?
433
Let i be 1 + (-10)/(-2) + -1. Suppose -q + 11 = -i. What are the prime factors of q?
2
Let k(u) be the second derivative of -u**4/12 + u**3/3 + u**2/2 + 2*u. Let m be k(-3). Let n(f) = -4*f - 16. List the prime factors of n(m).
2, 5
Let a(o) = o**3 - 6*o**2 + 4. Let g = -3 - 1. Let s = 10 + g. What are the prime factors of a(s)?
2
Let p(o) = -o**2 - 7*o - 4. Let n be p(-5). Suppose 3*y - 8*y - 2*i = 97, 2*y = -3*i - 30. List the prime factors of n/8 + y/(-4).
2, 3
Suppose -13*f + 128 = -340. Suppose f = h - 33. List the prime factors of h.
3, 23
Suppose -5 = o - 2*b + 5*b, 4*b = -12. Suppose w + o*g - 76 = 0, -3*g + 2*g = -w + 66. Let d = w - 45. What are the prime factors of d?
23
Suppose 0 = -211*s + 217*s - 3816. What are the prime factors of s?
2, 3, 53
Let t = 1627 - 550. List the prime factors of t.
3, 359
Let x = -727 - -1433. Suppose -2 = 2*n + x. What are the prime factors of 4/(-16) - n/8?
2, 11
Let t(y) = -y**3 + 11*y**2 - 15*y + 20. Suppose p - 3*p + u = -22, 2*p = 3*u + 30. List the prime factors of t(p).
47
Suppose 0 = -m - 3*m + 76. Let w = m + -16. Suppose -w*t = -56 - 37. What are the prime factors of t?
31
Suppose 13*o - 14*o - 190 = 0. Let p = 44 - o. What are the prime factors of p?
2, 3, 13
Let z be 26/(-8) - (-3)/12. Let b be ((-2)/z)/(1/36). Suppose 0 = s - 2*s + b. What are the prime factors of s?
2, 3
Let n(b) = b**3 - 2*b**2 + 2*b + 220. What are the prime factors of n(0)?
2, 5, 11
What are the prime factors of 252*8*7/28?
2, 3, 7
Suppose 5*j + 121 = 5*n - 84